{"id":72,"date":"2019-08-31T20:17:32","date_gmt":"2019-08-31T18:17:32","guid":{"rendered":"http:\/\/fullservicesolution.it\/?page_id=72"},"modified":"2025-06-20T10:25:17","modified_gmt":"2025-06-20T08:25:17","slug":"privacy","status":"publish","type":"page","link":"https:\/\/www.fullserviceict.it\/?page_id=72","title":{"rendered":"Privacy"},"content":{"rendered":"\n<p><strong>Informativa ex art. 13 Regolamento UE 2016\/679<\/strong><\/p>\n\n\n\n<p>Gentile Signore\/a, desideriamo informarLa che il Regolamento UE n. 679 del 27 aprile 2016 (\u00abGDPR\u00bb) prevede la tutela delle persone e di altri soggetti rispetto al trattamento dei dati personali.<\/p>\n\n\n\n<p>Secondo la normativa indicata, tale trattamento sar\u00e0 improntato ai principi di correttezza, liceit\u00e0 e trasparenza e di tutela della Sua riservatezza e dei Suoi diritti.<\/p>\n\n\n\n<p>Ai sensi dell\u2019articolo 13 del Regolamento UE n. 679\/2016, pertanto, Le forniamo le seguenti informazioni:<\/p>\n\n\n\n<p>La <strong>FULL SERVICE ICT S.r.l.<\/strong> raccoglie e tratta i vostri dati personali nonch\u00e9 sensibili per le finalit\u00e0 connesse alla propria attivit\u00e0 di agenzia di pubblicit\u00e0, marketing e comunicazione visiva, nonch\u00e9 di sviluppo software, di gestione dei sistemi informativi ed informatici propri e dei propri clienti. I vostri dati potranno essere trattati per le finalit\u00e0 interne di: compilazione di liste anagrafiche, tenuta della contabilit\u00e0, fatturazione, gestione del creditore per la soddisfazione di tutti gli obblighi previsti dalle normative vigenti, scopi statistici, comunicazioni, e servizi aggiuntivi da Lei esplicitamente richiesti.<\/p>\n\n\n\n<p>Qualora venga espresso il consenso specifico i dati potranno essere anche utilizzati per invio di materiale pubblicitario, comunicazioni commerciali inerenti i prodotti e servizi della nostra societ\u00e0, per inviti ad eventi di P.R. organizzati presso le nostre strutture od altrove, nonch\u00e9 per il compimento di ricerche di mercato.<br>Il trattamento sar\u00e0 effettuato sia manualmente che utilizzando strumenti elettronici, nell\u2019osservanza di tutte le cautele necessarie a garantire la sicurezza e la riservatezza delle informazioni.<br>I dati all\u2019interno della nostra Societ\u00e0 potranno essere trattati da tutti gli incaricati al trattamento nominati per iscritto dal Titolare del trattamento e formati sugli obblighi del Regolamento UE in materia di Privacy.<br>I dati potranno essere comunicati a terze parti, esclusivamente per esigenze tecniche ed operative strettamente collegate alle finalit\u00e0 sopraelencate ed in particolare alle seguenti categorie di soggetti:<br>Enti, professionisti, societ\u00e0 o altre strutture da noi incaricate dei trattamenti connessi all\u2019adempimento degli obblighi amministrativi, contabili, commerciali e gestionali legati all\u2019ordinario svolgimento della nostra attivit\u00e0 economica, anche per finalit\u00e0 di recupero credito;<br>Alle pubbliche autorit\u00e0 ed amministrazioni per le finalit\u00e0 connesse all\u2019adempimento di obblighi legali;<br>Banche, istituti finanziari o altri soggetti ai quali il trasferimento dei dati risulti necessario allo svolgimento delle attivit\u00e0 del nostro studio in relazione all\u2019assolvimento, da parte nostra, delle obbligazioni contrattuali assunte nei Vs. confronti.<br>Sia il Vs. conferimento dei dati che il Vs. consenso possono essere liberamente manifestati, ma il Vs. rifiuto al trattamento di cui al punto 1 della presente informativa comporter\u00e0 l\u2019impossibilit\u00e0, da parte nostra, di concludere la vendita, di erogare gli eventuali servizi richiesti ed di adempiere agli obblighi di legge.<br>Il <strong>titolare del trattamento \u00e8 la FULL SERVICE ICT s.r.l.<\/strong>, nella persona del rappresentante legale pro tempore, con sede in Via Giuseppe Perego n. 58, C.A.P. 00144 \u2013 Roma, Tel. 06.59.19.884, Fax. 06.59.24.724, e-mail <strong>info@fullserv.it<\/strong>.<br>In ogni momento potr\u00e0 esercitare i Suoi diritti nei confronti del Titolare del trattamento, ai sensi dell\u2019art. 15 del Regolamento UE n. 679\/2016, che per Sua comodit\u00e0 riproduciamo integralmente.<\/p>\n\n\n\n<p><strong>Art. 15 \u2013 Diritto di accesso dell\u2019interessato<\/strong><\/p>\n\n\n\n<p>L\u2019interessato ha il diritto di ottenere dal titolare del trattamento la conferma che sia o meno in corso un trattamento di dati personali che lo riguardano e in tal caso, di ottenere l\u2019accesso ai dati personali e alle seguenti informazioni:<\/p>\n\n\n\n<p><strong>Finalit\u00e0 del trattamento<\/strong><\/p>\n\n\n\n<ul class=\"wp-block-list\">\n<li>le categorie di dati personali in questione;<\/li>\n\n\n\n<li>i destinatari o le categorie di destinatari a cui i dati personali sono stati o saranno comunicati, in particolare se destinatari di paesi terzi o organizzazioni internazionali;<\/li>\n\n\n\n<li>quando possibile, il periodo di conservazione dei dati personali previsto oppure, se non \u00e8 possibile, i criteri utilizzati per determinare tale periodo;<\/li>\n\n\n\n<li>l\u2019esistenza del diritto dell\u2019interessato di chiedere al titolare del trattamento la rettifica o la cancellazione dei dati personali o la limitazione del trattamento dei dati personali che lo riguardano o di opporsi al loro trattamento;<\/li>\n\n\n\n<li>il diritto di proporre reclamo a un\u2019autorit\u00e0 di controllo;<\/li>\n\n\n\n<li>qualora i dati non siano raccolti presso l\u2019interessato, tutte le informazioni disponibili sulla loro origine;<\/li>\n\n\n\n<li>l\u2019esistenza di un processo decisionale automatizzato, compresa la profilazione di cui all\u2019articolo 22, paragrafi 1 e 4, e, almeno in tali casi, informazioni significative sulla logica utilizzata, nonch\u00e9 l\u2019importanza e le conseguenze previste di tale trattamento per l\u2019interessato.<\/li>\n<\/ul>\n\n\n\n<p>Qualora i dati personali siano trasferiti a un paese terzo o a un\u2019organizzazione internazionale, l\u2019interessato ha il diritto di essere informato dell\u2019esistenza di garanzie adeguate ai sensi dell\u2019articolo 46 relative al trasferimento.<\/p>\n\n\n\n<p>Il titolare del trattamento fornisce una copia dei dati personali oggetto di trattamento. In caso di ulteriori copie richieste dall\u2019interessato, il titolare del trattamento pu\u00f2 addebitare un contributo spese ragionevole basato sui costi amministrativi. Se l\u2019interessato presenta la richiesta mediante mezzi elettronici, e salvo indicazione diversa dell\u2019interessato, le informazioni sono fornite in un formato elettronico di uso comune.<\/p>\n\n\n\n<p>Il diritto di ottenere una copia di cui al paragrafo 3 non deve ledere i diritti e le libert\u00e0 altrui.<\/p>\n","protected":false},"excerpt":{"rendered":"<p>Informativa ex art. 13 Regolamento UE 2016\/679 Gentile Signore\/a, desideriamo informarLa che il Regolamento UE n. 679 del 27 aprile 2016 (\u00abGDPR\u00bb) prevede la tutela delle persone e di altri soggetti rispetto al trattamento dei dati personali. Secondo la normativa &hellip; <a href=\"https:\/\/www.fullserviceict.it\/?page_id=72\">Continua<\/a><\/p>\n","protected":false},"author":1,"featured_media":0,"parent":0,"menu_order":0,"comment_status":"closed","ping_status":"closed","template":"","meta":{"inline_featured_image":false,"kt_blocks_editor_width":"","footnotes":""},"class_list":["post-72","page","type-page","status-publish","hentry"],"_links":{"self":[{"href":"https:\/\/www.fullserviceict.it\/index.php?rest_route=\/wp\/v2\/pages\/72","targetHints":{"allow":["GET"]}}],"collection":[{"href":"https:\/\/www.fullserviceict.it\/index.php?rest_route=\/wp\/v2\/pages"}],"about":[{"href":"https:\/\/www.fullserviceict.it\/index.php?rest_route=\/wp\/v2\/types\/page"}],"author":[{"embeddable":true,"href":"https:\/\/www.fullserviceict.it\/index.php?rest_route=\/wp\/v2\/users\/1"}],"replies":[{"embeddable":true,"href":"https:\/\/www.fullserviceict.it\/index.php?rest_route=%2Fwp%2Fv2%2Fcomments&post=72"}],"version-history":[{"count":4,"href":"https:\/\/www.fullserviceict.it\/index.php?rest_route=\/wp\/v2\/pages\/72\/revisions"}],"predecessor-version":[{"id":841,"href":"https:\/\/www.fullserviceict.it\/index.php?rest_route=\/wp\/v2\/pages\/72\/revisions\/841"}],"wp:attachment":[{"href":"https:\/\/www.fullserviceict.it\/index.php?rest_route=%2Fwp%2Fv2%2Fmedia&parent=72"}],"curies":[{"name":"wp","href":"https:\/\/api.w.org\/{rel}","templated":true}]}}